(n). What is k(2)?
-9
Suppose 15 = h + 10. Suppose -2*b + 4*b + g - 3 = 0, -4*b + 15 = h*g. Let q(n) be the third derivative of -n**5/60 + n**4/24 - n**2. Give q(b).
0
Suppose -4*p + 2*g = 4*g - 24, -15*g + 30 = 0. Let q(w) = w**2 - 18*w + 5. Determine q(p).
-60
Let n(o) = -o**2 + 22*o - 41. Let k(r) = 2*r**3 + 5*r**2 - 7*r - 2. Let g be k(-3). Let f be (-1)/(-5 - (-52)/g) + 25. What is n(f)?
-1
Let i be (-2952)/2706*((-26)/4 + 1). Let w(c) = c**3 - 4*c**2 - 15*c + 7. Determine w(i).
-11
Let r(k) = -253*k - 1043. Let h be r(-4). Let l(m) = m**2 + 31*m + 43. Determine l(h).
43
Let q(n) = n - 28. Let z(f) = -2*f + 29. Suppose 25*o = 71 + 54. Let a(y) = o*z(y) + 6*q(y). Calculate a(-7).
5
Let w(h) = -13*h**3 - 74*h**2 - 113*h + 121. Let v(s) = -5*s**3 - 26*s**2 - 38*s + 40. Let z(q) = -8*v(q) + 3*w(q). Determine z(16).
-5
Let i(q) = 2*q**3 - 24*q**2 + q - 11. Suppose 75*o - 266 - 468 = 166. Give i(o).
1
Let j(r) be the second derivative of -r**4/12 + 13*r**3/3 - 93*r**2/2 - 2*r + 124. Calculate j(21).
12
Let p(u) be the second derivative of 2*u**3 + 43*u**2/2 + 1505*u. Calculate p(-4).
-5
Let o(f) be the second derivative of -f**5/20 - f**4/4 + 2*f**3/3 - 7*f**2 - 13*f + 29. What is o(-6)?
70
Let x(d) = 3*d**3 + 8*d**2 - 2*d + 20. Suppose 74 - 59 = 3*r. Let q(j) = 4*j**3 + 8*j**2 + 21. Let u(n) = r*x(n) - 4*q(n). What is u(7)?
-5
Let o(i) = -i**2 + 30*i + 29. Suppose -5*p + 209 - 46 = 2*s, 175 = 5*p + 5*s. Calculate o(p).
-2
Let c(a) = a**2 + 6*a. Let o(b) = b**3 + 11*b**2 + 7*b - 18. Let k be o(-10). Suppose 3*h + 30 = -3*v, -h + k*v - 19 = 16*v. Give c(h).
7
Let w(p) = -2*p**2 + 7*p - 3 - 8*p**2 - 3 + 3*p**2 - p**3. Let k(r) = r**2 - r + 1. Let v(q) = -6*k(q) - w(q). Let c(s) = -3*s + 3. Let b be c(2). Give v(b).
-15
Let t(b) be the second derivative of -17*b**4/12 - b**3/3 - 9*b**2/2 - 126*b. Let c(v) = 20*v**2 + v + 11. Let o(x) = 6*c(x) + 7*t(x). What is o(8)?
3
Let l(p) be the third derivative of -p**3/3 - 2*p**2 + 7*p. Let s(n) = n + 12. Let o(x) = -4*l(x) - s(x). Calculate o(5).
-9
Let b(m) = -m**2 - 25*m - 29. Let d be b(-15). Let u(t) = 4 + 2 + d*t - 119*t + t**3 + 4*t**2. Suppose 3*p = -5*v - 5, v - 20 = -3*p - 9. What is u(v)?
-2
Let v(a) = a**2 - a. Suppose -15*s - 139 = -18*s + 4*k, 3*s - 134 = -k. Let o = -4 + 49. Let x = s - o. Determine v(x).
0
Let y(h) = h**3 + h**2 + 1 + h**3 - 2. Suppose 0 = -3*n + 4*r + 1530, 36*n + 3*r = 38*n - 1021. Let f = n - 507. Determine y(f).
-2
Let g be (5 + (-14)/4)*(1 + -3). Let n(r) be the first derivative of -7*r**2 - 8*r**2 + 14*r**2 - 3 + r. Determine n(g).
7
Let g(y) = -y**3 + y + 40. Suppose c + 316 = 2*w, -13 = -2*c - 5. Let j = 160 - w. Give g(j).
40
Let c(t) = -6*t**2 + 4*t + 10. Let o(p) = -2*p - 1. Let r(m) = -c(m) - o(m). Calculate r(2).
11
Let w be -20 + (-3 + -13 - -28). Let d(h) = -h + 5. What is d(w)?
13
Let j(v) = -54*v**2 + 23*v + 24. Let q(a) = 11*a**2 - a + 2. Let d(n) = j(n) + 5*q(n). What is d(-7)?
-43
Let p(s) = -3*s + 8. Let i be p(2). Let y be i + -1 - (6 - 7). Let z(m) = 5*m**2 + m**y + 4*m**2 + 6*m - 8*m**2. Calculate z(-4).
8
Suppose 0 = -11*a + 3*a + 1288. Let z = a + -162. Let h(y) = -8*y**3 + y**2 + 2*y + 1. Calculate h(z).
8
Let p(t) be the second derivative of -t**4/12 - 2*t**3/3 + 15*t**2/2 - 800*t. Determine p(3).
-6
Let t(l) = 4*l + 8. Let n(g) = 4*g**2 + 10*g**2 - 2*g + 2 - 4*g**2 - g**3 - 9*g**2. Let u be -1 - -2 - (0 + -1). Let y be n(u). Determine t(y).
-16
Let c(l) = 18*l - 3. Suppose 56 = 5*n - 33*n. Determine c(n).
-39
Let b be (1/(-7))/(((-594)/(-77))/(-27)). Let r(j) be the first derivative of b*j**4 - 1/3*j**3 + j - 15 + 0*j**2. Calculate r(-1).
-2
Let k(t) = -t**3 + 3*t**2. Let f = 3595 - 3598. What is k(f)?
54
Let z be 2 + -1*(-2 - -5). Suppose -9*m - 426 = -10*m. Let j(o) = -o - 426 + m. Give j(z).
1
Let f(v) = -6 + 2 - 641*v - 646*v + 1325*v + 2. Determine f(-2).
-78
Let j(f) = 27*f + 474. Let v(b) = 40*b + 706. Let c(k) = -16*j(k) + 11*v(k). Determine c(-23).
-2
Let f(y) = 21 + 39*y - 122*y + y**2 + 39*y + 34*y. Let q be f(3). Let t(d) = -d**2. Calculate t(q).
0
Suppose -1 = 4*r - 13. Let j(m) be the third derivative of 10*m**2 + 1/60*m**5 + 0 + 1/8*m**4 + 1/6*m**3 - 1/120*m**6 + 0*m. Give j(r).
-8
Let b(q) = q + 3. Suppose 4*v = -4*k + 28, -3*v + 0*v - 5*k = -13. Suppose 9*f = v*f - 8. Calculate b(f).
7
Let r = 75 + -160. Let b = r + 85. Let c(w) = -w + 4. Determine c(b).
4
Suppose 153*y = 995 - 383. Let m(r) = 2*r + 8. What is m(y)?
16
Let h(d) be the first derivative of d**2/2 + 4*d - 447. Let p(m) = m**3 + 2*m + 2. Let q be p(-2). Let g = q - -5. Determine h(g).
-1
Let s(k) = -k + 4. Let q(l) = 3*l - 12. Let b(w) = 6*q(w) + 17*s(w). Suppose 94 = 3*m + 37. Suppose -89 = -m*o + 25. What is b(o)?
2
Let b be (510/(-20))/(3/(-6)). Let k = b + -71. Let g be -5*1 - 0/k. Let h(i) = -i**3 - 6*i**2 - 2*i + 1. Calculate h(g).
-14
Let f(y) = 4*y**2 - 6*y - 13. Suppose -4*u - 4*u = 32. Let a(x) = 5*x**2 - 6*x - 14. Let o(w) = u*f(w) + 3*a(w). Give o(8).
-6
Let k(n) be the first derivative of 2*n**4 + n**2 + 2*n + 410. What is k(-1)?
-8
Let i be (7/(70/4))/(6/(-120)). Let c(g) = -8*g**3 + 10*g**2 - 6*g - 11. Let j(u) = 11*u**3 - 11*u**2 + 5*u + 11. Let a(f) = 4*c(f) + 3*j(f). Calculate a(i).
-3
Let g(z) = z - 1. Let m(x) = x. Let a(n) = -g(n) + 4*m(n). Let o(u) = -5 + 6 - 3 + u - 2. Let i be o(2). What is a(i)?
-5
Let x = 6413 + -6417. Let u(m) = -m**3 - 6*m**2 - 8*m + 8. What is u(x)?
8
Let l(s) be the third derivative of s**4/3 + 184*s**3/3 - s**2 + 1967*s. Determine l(-45).
8
Let c(h) = 1726 + 2298*h - 2310*h - 1735 + h**2. Calculate c(6).
-45
Let o(z) = -4*z**2 + 21*z + 4. Let d(j) = -j**2 + 11*j + 1. Let a(h) = -14*d(h) + 5*o(h). Calculate a(-8).
14
Suppose w - 154 = -10*w. Suppose -w*f + 9*f = 45. Let l = -2 - f. Let h(i) = i**3 - 7*i**2 + 6. What is h(l)?
6
Suppose 2*d = 3*n + 27, -3*n = -4*d + 66 - 9. Let o(i) be the third derivative of 1/12*i**4 + 0*i + 0 - i**3 - d*i**2. Calculate o(5).
4
Suppose 5*g = 5*d - 0*d - 1165, 0 = 3*d + 3*g - 729. Let u = d - 240. Let t(r) = 2*r**2 + 4*r + 2. Calculate t(u).
2
Let x(a) be the third derivative of 7*a**4/24 + 41*a**3/6 - a**2 + 1685. Determine x(0).
41
Let d(o) = -4*o - 21. Suppose 2*r - 83*a - 15 = -88*a, 0 = 3*a - 15. What is d(r)?
-1
Suppose 0 = 4*y + 3*j + 418 + 478, 0 = -3*y - 4*j - 672. Let r be (-928)/y - (-6)/7. Let d(c) = 1 + 11*c**3 + 3*c**2 + 0 - 12*c**3 + 7*c. Calculate d(r).
-14
Let i(a) = 11*a**2 + 36*a - 64. Let k(y) = 72*y**2 + 225*y - 384. Let j(v) = 13*i(v) - 2*k(v). Give j(14).
-8
Let b(r) be the first derivative of 0*r**3 - 8*r**2 + 0*r - 5/24*r**4 + 1/60*r**5 + 27. Let q(m) be the second derivative of b(m). Give q(6).
6
Suppose -p - 7*a = -3*a + 2, -5*a = -4*p + 76. Let f be (p/(-21))/((-2)/(6 + 0)). Let h(c) = -c**2 - 1. Calculate h(f).
-5
Let h(i) = -36671 + 73357 - 26*i - 36773. Calculate h(-3).
-9
Let n(b) be the second derivative of 0*b**3 + 0*b**4 - 22*b + 1/20*b**5 - 21/2*b**2 + 0. What is n(0)?
-21
Let r = 51 + -1. Let f be ((-960)/r)/((-2)/(40/3)). Let c(j) = 3*j**2 + f*j + 4 - 3 - 126*j + 3*j**3 - j**2. Determine c(-1).
-2
Let a(c) = 2*c**3 + 8*c**2 - c + 6. Suppose 0 = -107*q - 577 + 42. What is a(q)?
-39
Let q(c) = -7*c**3 + 13*c**2 + 5*c - 10. Let b(w) = -31*w**3 + 57*w**2 + 21*w - 40. Let l(r) = 2*b(r) - 9*q(r). Give l(3).
1
Let c = -6251 + 6248. Let z(v) = 8*v + 31. Give z(c).
7
Let f(w) be the first derivative of 0*w**2 + 0*w - 2/3*w**3 - 89. Determine f(1).
-2
Let v be (8 - 2) + 1 + -2. Let k(x) be the third derivative of -33*x**2 - 1/6*x**3 - 1/60*x**5 + 0*x + 0 + 1/6*x**4. What is k(v)?
-6
Suppose 45 = -4*s - 8*s - 15. Let b(c) = -2*c - 5. Give b(s).
5
Let m(t) be the second derivative of 39*t + 7/2*t**2 + 0 - 1/6*t**3. Let u(d) = d**3 + 6*d**2 - 8*d - 7. Let r be u(-7). Give m(r).
7
Let a be (-3)/(-9) + (-44)/6. Let m(l) = 1234*l**2 + 6*l - 5*l + 6*l - 1233*l**2 - 10 + 2*l. What is m(a)?
-24
Let g = 87 - 84. Let v = 9 + g. Suppose -2*c + 84 = v*c. Let i(d) = d**3 - 6*d**2. What is i(c)?
0
Let k(w) be the first derivative of 5/2*w**2 - 3*w - 107. Give k(6).
27
Suppose -5*p = 5*x - 10, 6*x + 16 = 5*p + 5*x. Let s(g) = 0*g + 34*g**2 + 1 - p*g - 57*g**2 + 22*g**2. Calculate s(-3).
1
Let g(k) = 7*k**2 - 8*k + 8. Let a(u) be the first derivative of 5*u**3 - 8*u**2 + 1